{"id":260,"date":"2025-12-06T11:45:39","date_gmt":"2025-12-06T11:45:39","guid":{"rendered":"https:\/\/test.8erwassereck.de\/?page_id=260"},"modified":"2026-08-12T15:15:51","modified_gmt":"2026-08-12T15:15:51","slug":"markttermine","status":"publish","type":"page","link":"https:\/\/8erwassereck.de\/?page_id=260","title":{"rendered":"Markttermine"},"content":{"rendered":"\n<p class=\"wp-block-paragraph\"><strong>Hier findet ihr mich:<\/strong><\/p>\n\n\n\n<p class=\"wp-block-paragraph\">25.09.2026: Drogeriehaus Kobiger, D\u00f6rfles-Esbach, 11-18 Uhr<\/p>\n\n\n\n<p class=\"wp-block-paragraph\">27.09.2026: Backkulturfest in der Alten Sch\u00e4ferei 10-18 Uhr<\/p>\n\n\n\n<p class=\"has-background has-medium-font-size wp-block-paragraph\" style=\"background-color:#96d656\">Und nat\u00fcrlich in <strong>D\u00f6rfles-Esbach, Hohe Str. 26<\/strong> in unserem  Verkaufskeller <strong>&#8222;Schrankgefl\u00fcster&#8220;<\/strong>, <strong>\u00d6ffnungszeiten: Freitag von 13-17 Uhr <\/strong>&#8211;<\/p>\n\n\n\n<p class=\"has-background has-medium-font-size wp-block-paragraph\" style=\"background-color:#96d656\">Eingang einfach die Einfahrt runter. Sollte das Tor zu sein, nutzt bitte die Klingel an der Hauswand. <\/p>\n\n\n\n<p class=\"has-background has-medium-font-size wp-block-paragraph\" style=\"background-color:#96d656\"><strong>Oder auch gerne zu einer anderen Zeit nach Absprache unter:<\/strong><\/p>\n\n\n\n<p class=\"wp-block-paragraph\">info@8erwassereck.de  +++ 0170 4823203 +++ 09561 63862<\/p>\n\n\n\n<figure class=\"wp-block-image size-full\"><img fetchpriority=\"high\" decoding=\"async\" width=\"953\" height=\"637\" src=\"https:\/\/8erwassereck.de\/wp-content\/uploads\/2026\/08\/Urlaub-2026.jpg\" alt=\"\" class=\"wp-image-465\" srcset=\"https:\/\/8erwassereck.de\/wp-content\/uploads\/2026\/08\/Urlaub-2026.jpg 953w, https:\/\/8erwassereck.de\/wp-content\/uploads\/2026\/08\/Urlaub-2026-300x201.jpg 300w, https:\/\/8erwassereck.de\/wp-content\/uploads\/2026\/08\/Urlaub-2026-768x513.jpg 768w, https:\/\/8erwassereck.de\/wp-content\/uploads\/2026\/08\/Urlaub-2026-120x80.jpg 120w, https:\/\/8erwassereck.de\/wp-content\/uploads\/2026\/08\/Urlaub-2026-394x263.jpg 394w, https:\/\/8erwassereck.de\/wp-content\/uploads\/2026\/08\/Urlaub-2026-915x612.jpg 915w\" sizes=\"(max-width: 953px) 100vw, 953px\" \/><\/figure>\n","protected":false},"excerpt":{"rendered":"<p>Hier findet ihr mich: 25.09.2026: Drogeriehaus Kobiger, D\u00f6rfles-Esbach, 11-18 Uhr 27.09.2026: Backkulturfest in der Alten Sch\u00e4ferei 10-18 Uhr Und nat\u00fcrlich<\/p>\n","protected":false},"author":1,"featured_media":0,"parent":0,"menu_order":0,"comment_status":"closed","ping_status":"closed","template":"","meta":{"footnotes":""},"class_list":["post-260","page","type-page","status-publish","hentry"],"_links":{"self":[{"href":"https:\/\/8erwassereck.de\/index.php?rest_route=\/wp\/v2\/pages\/260","targetHints":{"allow":["GET"]}}],"collection":[{"href":"https:\/\/8erwassereck.de\/index.php?rest_route=\/wp\/v2\/pages"}],"about":[{"href":"https:\/\/8erwassereck.de\/index.php?rest_route=\/wp\/v2\/types\/page"}],"author":[{"embeddable":true,"href":"https:\/\/8erwassereck.de\/index.php?rest_route=\/wp\/v2\/users\/1"}],"replies":[{"embeddable":true,"href":"https:\/\/8erwassereck.de\/index.php?rest_route=%2Fwp%2Fv2%2Fcomments&post=260"}],"version-history":[{"count":16,"href":"https:\/\/8erwassereck.de\/index.php?rest_route=\/wp\/v2\/pages\/260\/revisions"}],"predecessor-version":[{"id":468,"href":"https:\/\/8erwassereck.de\/index.php?rest_route=\/wp\/v2\/pages\/260\/revisions\/468"}],"wp:attachment":[{"href":"https:\/\/8erwassereck.de\/index.php?rest_route=%2Fwp%2Fv2%2Fmedia&parent=260"}],"curies":[{"name":"wp","href":"https:\/\/api.w.org\/{rel}","templated":true}]}}

<p class="wp-block-paragraph"><strong>Hier findet ihr mich:</strong></p>



<p class="wp-block-paragraph">25.09.2026: Drogeriehaus Kobiger, Dörfles-Esbach, 11-18 Uhr</p>



<p class="wp-block-paragraph">27.09.2026: Backkulturfest in der Alten Schäferei 10-18 Uhr</p>



<p class="has-background has-medium-font-size wp-block-paragraph" style="background-color:#96d656">Und natürlich in <strong>Dörfles-Esbach, Hohe Str. 26</strong> in unserem  Verkaufskeller <strong>&#8222;Schrankgeflüster&#8220;</strong>, <strong>Öffnungszeiten: Freitag von 13-17 Uhr </strong>&#8211;</p>



<p class="has-background has-medium-font-size wp-block-paragraph" style="background-color:#96d656">Eingang einfach die Einfahrt runter. Sollte das Tor zu sein, nutzt bitte die Klingel an der Hauswand. </p>



<p class="has-background has-medium-font-size wp-block-paragraph" style="background-color:#96d656"><strong>Oder auch gerne zu einer anderen Zeit nach Absprache unter:</strong></p>



<p class="wp-block-paragraph">info@8erwassereck.de  +++ 0170 4823203 +++ 09561 63862</p>



<figure class="wp-block-image size-full"><img fetchpriority="high" decoding="async" width="953" height="637" src="https://8erwassereck.de/wp-content/uploads/2026/08/Urlaub-2026.jpg" alt="" class="wp-image-465" srcset="https://8erwassereck.de/wp-content/uploads/2026/08/Urlaub-2026.jpg 953w, https://8erwassereck.de/wp-content/uploads/2026/08/Urlaub-2026-300x201.jpg 300w, https://8erwassereck.de/wp-content/uploads/2026/08/Urlaub-2026-768x513.jpg 768w, https://8erwassereck.de/wp-content/uploads/2026/08/Urlaub-2026-120x80.jpg 120w, https://8erwassereck.de/wp-content/uploads/2026/08/Urlaub-2026-394x263.jpg 394w, https://8erwassereck.de/wp-content/uploads/2026/08/Urlaub-2026-915x612.jpg 915w" sizes="(max-width: 953px) 100vw, 953px" /></figure>

<p>Hier findet ihr mich: 25.09.2026: Drogeriehaus Kobiger, Dörfles-Esbach, 11-18 Uhr 27.09.2026: Backkulturfest in der Alten Schäferei 10-18 Uhr Und natürlich</p>
